NOAA-Style Climate Reports


Report for 2018 October
                   Monthly Climatological Summary for Oct 2018

Name: South Franklin Weather   City: South Franklin Huon Valley   State: Tasmania
Elevation: 29 m  Lat: S 43 07 18   Lon: E 146 59 17

                  Temperature (°C), Rain (mm), Wind Speed (km/h)

                                      Heat  Cool        Avg
    Mean                              Deg   Deg         Wind                 Dom
Day Temp  High   Time   Low    Time   Days  Days  Rain  Speed High   Time    Dir
----------------------------------------------------------------------------------
01  11.1  17.2   13:17   4.4   03:09   7.2   0.0   0.0   2.1  35.4   14:52   ESE
02  12.8  17.1   11:38   9.3   05:36   5.5   0.0   0.0   1.5  19.3   14:02   SSW
03  10.7  14.5   12:51   5.6   23:28   7.5   0.0   0.6   2.7  27.4   16:18     S
04   8.8  14.8   14:25   2.6   04:41   9.5   0.0   0.0   2.5  24.1   09:09   SSW
05   9.1  16.7   12:56   3.2   05:23   9.2   0.0   0.0   2.7  19.3   16:08     S
06  10.3  18.1   14:02   4.1   05:48   8.0   0.0   0.0   2.7  24.1   14:29     S
07  13.5  20.1   14:05   9.0   23:29   4.8   0.2   0.0   2.5  22.5   15:35   SSE
08  12.1  17.7   13:29   8.7   03:43   6.2   0.0   1.0   0.7  11.3   11:52    SE
09  10.2  13.1   12:46   6.9   20:37   8.1   0.0   4.4   4.3  37.0   16:26     S
10   8.5  13.1   14:23   3.7   23:57   9.8   0.0   0.0   4.8  27.4   04:08   SSW
11   8.6  15.3   15:01   2.1   02:32   9.7   0.0   0.0   2.3  17.7   16:42     E
12  12.7  19.2   16:08   7.6   01:31   5.6   0.0   0.0   2.4  22.5   12:37   ESE
13  14.3  22.4   15:24   6.6   06:19   4.7   0.7   0.0   4.2  24.1   16:46   NNE
14  15.5  23.4   14:19   7.1   06:30   3.9   1.2   0.0   3.3  30.6   11:10   NNE
15  19.1  26.7   15:48  11.7   06:34   1.6   2.4   0.0   3.1  22.5   13:00   NNW
----------------------------------------------------------------------------------
    11.8  26.7    15     2.1    11   101.3   4.5   6.0   2.8  37.0     9     SSE

Max >=  27.0  0
Max <=   0.0  0
Min <=   0.0  0
Min <=   0.0  0
Max Rain: 4.4 on day 9
Days of Rain: 3 (>= 0.2 mm)  1 (>= 2.0 mm)  0 (>= 20.0 mm)
Heat Base: 18.3  Cool Base: 18.3  Method: Integration