NOAA-Style Climate Reports


Report for 2018 June
                   Monthly Climatological Summary for Jun 2018

Name: South Franklin Weather   City: South Franklin Huon Valley   State: Tasmania
Elevation: 29 m  Lat: S 43 07 18   Lon: E 146 59 17

                  Temperature (°C), Rain (mm), Wind Speed (km/h)

                                      Heat  Cool        Avg
    Mean                              Deg   Deg         Wind                 Dom
Day Temp  High   Time   Low    Time   Days  Days  Rain  Speed High   Time    Dir
----------------------------------------------------------------------------------
01   7.5  12.6   13:16   4.4   04:15  10.8   0.0   0.0   0.9  14.5   12:30    NW
02   6.2   9.3   13:36   4.5   04:09  12.1   0.0   0.0   0.6  12.9   10:10     N
03   5.0   7.6   13:34   2.7   22:22  13.3   0.0   0.0   0.7  12.9   13:19   WSW
04   7.3  13.8   12:43   3.1   00:00  11.0   0.0   0.0   1.4  19.3   11:48   WSW
05   6.2  11.7   13:54   1.7   23:36  12.1   0.0   0.0   0.6  11.3   16:46     W
06   3.5   7.9   16:07   0.8   02:39  14.8   0.0   0.2   1.1   9.7   01:46     W
07  10.8  15.9   14:44   3.7   01:36   7.5   0.0   0.0   3.1  27.4   15:36   NNW
08  12.4  15.4   12:55   8.8   23:28   5.9   0.0   1.0   3.7  32.2   12:10     N
09   9.9  14.1   12:22   5.7   23:05   8.4   0.0   0.0   3.3  25.7   13:58    NW
10   5.0  10.2   13:35   1.4   08:19  13.3   0.0   0.0   1.2  12.9   11:20    NW
11   5.4  11.6   14:54   1.2   01:54  12.9   0.0   0.2   0.9  14.5   16:43   WNW
12   7.6  10.9   14:11   4.7   07:56  10.7   0.0   0.0   1.0  12.9   01:08   WNW
13   6.9  13.1   13:27   4.6   07:53  11.4   0.0   0.2   1.2  24.1   15:22   WNW
14   7.0  12.7   12:47   3.2   06:11  11.3   0.0   3.8   1.8  20.9   23:59     W
15   8.4  12.3   10:56   6.6   07:13   9.9   0.0   5.8   3.0  22.5   00:44   NNW
16   8.0  11.4   12:42   5.6   02:45  10.3   0.0  39.0   2.5  25.7   20:15   WSW
17   9.0  10.0   12:15   8.1   22:59   9.3   0.0  35.0   6.3  33.8   13:51   SSW
18   8.2  10.9   13:21   6.8   04:05  10.1   0.0   0.2   2.7  19.3   00:28   SSW
19   5.1   7.8   13:25   2.3   21:35  13.2   0.0   0.2   1.6  14.5   11:13    NW
20   3.4   6.9   15:24   0.1   07:57  14.9   0.0   0.0   0.4   8.0   10:25   WNW
21   5.6  11.6   13:19   2.8   06:45  12.7   0.0   0.2   1.2  17.7   13:01     W
----------------------------------------------------------------------------------
     7.1  15.9     7     0.1    20   235.9   0.0  85.8   1.9  33.8    17     WNW

Max >=  27.0  0
Max <=   0.0  0
Min <=   0.0  0
Min <=   0.0  0
Max Rain: 39.0 on day 16
Days of Rain: 11 (>= 0.2 mm)  4 (>= 2.0 mm)  2 (>= 20.0 mm)
Heat Base: 18.3  Cool Base: 18.3  Method: Integration