NOAA-Style Climate Reports

Select a Year or Month report
2018: Jan Feb Mar Apr May Jun Jul Aug Sep Oct Nov Dec
2017: Jan Feb Mar Apr May Jun Jul Aug Sep Oct Nov Dec
2016: Jan Feb Mar Apr May Jun Jul Aug Sep Oct Nov Dec
2015: Jan Feb Mar Apr May Jun Jul Aug Sep Oct Nov Dec
2014: Jan Feb Mar Apr May Jun Jul Aug Sep Oct Nov Dec
2013: Jan Feb Mar Apr May Jun Jul Aug Sep Oct Nov Dec

Report for 2018 January
                   Monthly Climatological Summary for Jan 2018

Name: South Franklin Weather   City: South Franklin Huon Valley   State: Tasmania
Elevation: 29 m  Lat: S 43 07 18   Lon: E 146 59 18

                  Temperature (°C), Rain (mm), Wind Speed (km/h)

                                      Heat  Cool        Avg
    Mean                              Deg   Deg         Wind                 Dom
Day Temp  High   Time   Low    Time   Days  Days  Rain  Speed High   Time    Dir
----------------------------------------------------------------------------------
01  15.3  19.1   15:24  11.2   23:47   3.0   0.0   1.4   3.0  22.5   14:23    SE
02  14.5  21.2   14:44   8.8   23:59   4.1   0.3   2.2   3.3  32.2   13:57     E
03  14.0  19.9   15:59   7.5   04:05   4.4   0.1   0.2   4.2  27.4   15:08    NE
04  17.4  21.8   12:05  13.4   23:58   1.6   0.7   0.0   3.4  33.8   10:57    SE
05  17.5  23.1   12:51  13.2   00:21   1.8   1.0   0.0   4.4  22.5   09:19   SSW
06  21.2  33.7   13:33  13.6   03:41   1.4   4.2   0.8   3.7  37.0   12:54    NE
07  18.0  24.5   16:34  11.9   06:06   1.6   1.3   0.0   5.8  33.8   08:01    SE
08  17.9  23.4   16:08  12.8   06:13   1.8   1.4   0.0   3.3  22.5   11:58   SSW
09  15.6  22.7   11:51  10.6   05:46   3.1   0.4   1.4   3.0  20.9   13:17   SSE
10  16.2  22.9   15:46  10.1   03:06   3.1   1.0   0.0   2.9  27.4   15:31    SE
11  19.7  29.7   14:50  10.3   05:28   2.2   3.6   0.0   5.7  35.4   16:43    NE
12  19.9  28.2   13:30  13.4   23:38   1.1   2.7   4.6   3.9  32.2   13:42     N
13  11.9  16.3   10:51   7.2   23:49   6.4   0.0  14.6   2.7  29.0   19:13    SW
14  12.4  19.2   15:12   6.2   04:11   5.9   0.0   0.2   2.2  19.3   10:46   ENE
15  15.6  20.1   15:12   9.9   23:59   2.8   0.2   0.0   5.8  37.0   09:57     S
16  14.5  23.4   14:45   6.0   05:46   4.7   0.9   0.0   3.4  19.3   16:45    SE
17  15.6  23.0   12:14   7.9   05:48   3.8   1.0   0.0   2.8  24.1   13:27   SSE
18  18.1  30.3   16:42   9.7   05:08   3.1   2.9   0.0   1.8  14.5   12:39     W
19  20.1  27.5   12:10  14.1   23:57   0.9   2.7   0.0   4.2  29.0   16:53    SE
20  16.9  21.8   15:36  12.9   05:25   2.1   0.8   0.0   3.4  22.5   12:53   SSE
21  18.1  24.3   12:47  12.0   05:54   1.6   1.4   0.0   3.2  20.9   13:47   SSE
22  18.4  24.6   15:36  13.2   06:02   1.8   1.9   0.0   3.5  35.4   13:00     S
23  17.3  23.9   15:13  11.9   02:56   2.4   1.4   0.0   3.2  27.4   12:37     S
----------------------------------------------------------------------------------
    16.8  33.7     6     6.0    16    64.7  29.9  25.4   3.6  37.0     6      SE

Max >=  27.0  5
Max <=   0.0  0
Min <=   0.0  0
Min <=   0.0  0
Max Rain: 14.6 on day 13
Days of Rain: 8 (>= 0.2 mm)  3 (>= 2.0 mm)  0 (>= 20.0 mm)
Heat Base: 18.3  Cool Base: 18.3  Method: Integration