NOAA-Style Climate Reports


Report for 2018 August
                   Monthly Climatological Summary for Aug 2018

Name: South Franklin Weather   City: South Franklin Huon Valley   State: Tasmania
Elevation: 29 m  Lat: S 43 07 18   Lon: E 146 59 17

                  Temperature (°C), Rain (mm), Wind Speed (km/h)

                                      Heat  Cool        Avg
    Mean                              Deg   Deg         Wind                 Dom
Day Temp  High   Time   Low    Time   Days  Days  Rain  Speed High   Time    Dir
----------------------------------------------------------------------------------
01   7.4  12.7   12:59   3.8   23:33  10.9   0.0   0.2   1.8  20.9   12:37     W
02   4.8  11.3   14:16   0.6   06:46  13.5   0.0   0.0   0.7  12.9   13:14   WNW
03  10.8  16.4   13:41   3.8   00:00   7.5   0.0   0.0   3.3  20.9   17:43   WNW
04   9.4  14.1   13:23   6.3   06:58   8.9   0.0   0.0   1.1  22.5   12:47    SE
05  10.0  16.9   13:12   5.7   07:30   8.3   0.0   0.0   2.3  25.7   13:39   NNW
06   8.6  14.4   13:19   4.4   06:00   9.7   0.0   0.2   1.7  25.7   13:27    SW
07   7.8  11.6   12:55   4.4   06:47  10.5   0.0   0.2   2.6  37.0   13:09     N
08   9.4  12.7   10:26   7.4   18:43   8.9   0.0   8.6   3.1  29.0   04:44   ENE
09  10.9  16.4   13:46   7.5   04:28   7.4   0.0   0.0   3.4  22.5   11:29   NNW
10  11.3  18.1   13:46   6.9   22:39   7.0   0.0   1.8   5.7  40.2   11:06   NNE
11   6.9  10.8   13:33   4.0   23:57  11.4   0.0   0.8   0.6  17.7   13:27    SE
12   6.2  12.2   12:31   1.7   05:05  12.1   0.0  14.6   0.9  24.1   11:01   ENE
13  10.3  13.2   15:14   6.1   01:56   8.0   0.0   5.0   3.5  30.6   13:19   ENE
----------------------------------------------------------------------------------
     8.8  18.1    10     0.6     2   124.1   0.0  31.4   2.4  40.2    10       N

Max >=  27.0  0
Max <=   0.0  0
Min <=   0.0  0
Min <=   0.0  0
Max Rain: 14.6 on day 12
Days of Rain: 8 (>= 0.2 mm)  3 (>= 2.0 mm)  0 (>= 20.0 mm)
Heat Base: 18.3  Cool Base: 18.3  Method: Integration