NOAA-Style Climate Reports


Report for 2018 April
                   Monthly Climatological Summary for Apr 2018

Name: South Franklin Weather   City: South Franklin Huon Valley   State: Tasmania
Elevation: 29 m  Lat: S 43 07 18   Lon: E 146 59 17

                  Temperature (°C), Rain (mm), Wind Speed (km/h)

                                      Heat  Cool        Avg
    Mean                              Deg   Deg         Wind                 Dom
Day Temp  High   Time   Low    Time   Days  Days  Rain  Speed High   Time    Dir
----------------------------------------------------------------------------------
01  14.3  19.5   13:36  10.7   22:36   4.2   0.1   2.8   2.3  27.4   14:17   SSW
02  14.1  18.1   13:45  10.9   00:22   4.2   0.0   0.4   4.8  38.6   09:54     E
03  15.6  20.9   13:24  12.3   05:01   2.9   0.3   0.0   3.7  29.0   11:37    NE
04  16.5  22.3   14:20  10.3   23:59   2.6   0.8   0.0   2.7  20.9   08:42   WNW
05  13.4  18.9   14:24   9.0   02:40   5.1   0.0   0.4   1.2  22.5   13:29    SE
06  11.5  16.1   14:27   7.6   23:57   6.8   0.0   0.2   1.5  20.9   13:40     W
07  11.0  16.6   12:50   6.2   02:48   7.3   0.0   0.4   1.1  19.3   13:00     E
08  14.1  19.2   13:31  11.7   05:19   4.2   0.0   4.6   0.5  22.5   22:57    SW
09  13.4  16.0   02:19  11.4   23:57   4.9   0.0   1.0   3.8  29.0   03:04   ESE
10  15.3  21.9   14:25   8.7   06:46   3.7   0.7   0.0   2.7  20.9   11:13   NNW
11  12.3  13.7   09:40   9.7   23:57   6.0   0.0   0.0   0.7  12.9   11:31     N
12  11.5  14.1   16:38   8.9   00:44   6.8   0.0   8.2   0.8  17.7   09:41    SW
13  13.4  18.0   13:27   9.6   23:41   4.9   0.0   0.0   2.3  25.7   08:53   SSW
14  11.6  17.2   13:03   6.7   23:59   6.7   0.0  21.0   3.5  30.6   13:43   NNE
15   7.3  10.5   12:17   4.5   04:37  11.0   0.0  14.8   3.1  32.2   12:43     E
16  10.1  14.4   04:53   6.2   22:01   8.2   0.0  12.4   6.3  41.8   06:05    SE
17   9.4  13.6   13:22   4.7   05:24   8.9   0.0   3.4   3.1  27.4   03:58     S
18  10.0  15.8   13:38   6.7   23:58   8.3   0.0   0.0   1.4  19.3   10:08    SW
19  10.4  17.2   13:03   6.3   03:45   7.9   0.0   0.0   1.1  17.7   12:15     W
20  10.4  17.5   13:32   4.8   05:55   7.9   0.0   0.0   1.5  14.5   13:45    SW
21  13.3  20.1   13:38   9.5   06:43   5.0   0.1   0.0   1.0  12.9   10:22   SSW
22  13.6  21.1   13:12   9.0   06:55   5.0   0.3   0.0   1.9  19.3   11:41     W
23  12.4  19.8   14:03   7.4   06:34   6.0   0.1   0.0   2.4  24.1   16:29   WSW
24  13.5  20.9   14:13   7.8   03:43   5.1   0.3   0.0   0.4  14.5   19:39    SW
25  14.8  20.8   14:02  10.4   23:58   3.7   0.2   0.0   1.6  19.3   14:38   WSW
----------------------------------------------------------------------------------
    12.5  22.3     4     4.5    15   147.3   2.9  69.6   2.2  41.8    16     SSE

Max >=  27.0  0
Max <=   0.0  0
Min <=   0.0  0
Min <=   0.0  0
Max Rain: 21.0 on day 14
Days of Rain: 12 (>= 0.2 mm)  7 (>= 2.0 mm)  1 (>= 20.0 mm)
Heat Base: 18.3  Cool Base: 18.3  Method: Integration