NOAA-Style Climate Reports


Report for 2018 December
                   Monthly Climatological Summary for Dec 2018

Name: South Franklin Weather   City: South Franklin Huon Valley   State: Tasmania
Elevation: 29 m  Lat: S 43 07 18   Lon: E 146 59 17

                  Temperature (°C), Rain (mm), Wind Speed (km/h)

                                      Heat  Cool        Avg
    Mean                              Deg   Deg         Wind                 Dom
Day Temp  High   Time   Low    Time   Days  Days  Rain  Speed High   Time    Dir
----------------------------------------------------------------------------------
01  15.0  23.2   15:49   7.8   04:13   4.1   0.8   0.6   2.7  22.5   09:19    NW
02  12.4  16.7   14:16   7.9   20:59   5.9   0.0   8.8   3.6  30.6   15:32   ESE
03  10.5  16.2   12:29   6.6   22:07   7.8   0.0  14.8   2.5  24.1   08:55     S
04  12.2  17.3   14:39   6.2   02:51   6.1   0.0   0.4   2.8  29.0   16:02   SSE
05  15.0  22.2   15:57   7.3   05:47   3.9   0.6   0.0   2.9  17.7   14:00   SSW
06  18.4  31.3   15:33   8.8   05:30   3.2   3.4   0.0   1.4  22.5   16:30   SSW
07  20.4  28.0   14:39  13.9   05:30   1.1   3.2   0.0   1.1  24.1   19:31    SW
08  17.3  22.1   12:50  11.5   23:59   1.8   0.8   0.0   1.5  19.3   11:16   SSE
09  15.7  22.1   15:06   9.8   06:02   3.2   0.7   0.0   2.1  22.5   15:50    NE
10  15.4  20.6   12:54   9.7   23:53   3.3   0.4   0.0   3.1  27.4   12:34   SSW
11  14.0  21.9   15:38   6.4   05:07   4.7   0.5   0.0   3.9  20.9   16:38   SSW
12  18.6  27.7   14:35   8.7   05:43   3.0   3.2   0.0   4.9  32.2   15:07    NE
13  19.8  27.3   13:17  13.2   05:01   1.3   2.8   0.0   5.9  32.2   11:04    NE
----------------------------------------------------------------------------------
    15.7  31.3     6     6.2     4    49.4  16.4  24.6   3.0  32.2    12      SE

Max >=  27.0  4
Max <=   0.0  0
Min <=   0.0  0
Min <=   0.0  0
Max Rain: 14.8 on day 3
Days of Rain: 4 (>= 0.2 mm)  2 (>= 2.0 mm)  0 (>= 20.0 mm)
Heat Base: 18.3  Cool Base: 18.3  Method: Integration